535 (base 6) to base 12.
-5ab
1309 (base 11) to base 13
a10
1674 (base 15) to base 14
1a94
343255 (base 6) to base 7
151220
Convert 449 (base 16) to base 5.
13342
10440 (base 13) to base 16
7269
What is -34d (base 15) in base 13?
-457
Convert -26452 (base 9) to base 12.
-a40b
101120221 (base 3) to base 14
2b56
Convert -4413 (base 6) to base 9.
-1350
Convert 977c (base 13) to base 12.
1022b
Convert -32326 (base 7) to base 3.
-102001101
What is 148 (base 12) in base 7?
404
-180 (base 12) to base 10
-240
What is 275 (base 15) in base 8?
1060
Convert -13 (base 5) to base 6.
-12
a9 (base 11) to base 15
7e
Convert 1102100 (base 3) to base 15.
490
-44a00 (base 11) to base 3
-10022022001
a7b (base 14) to base 7
6014
Convert -18950 (base 12) to base 14.
-d136
What is -23242 (base 5) in base 15?
-782
What is -121011 (base 3) in base 4?
-12310
What is -11483 (base 10) in base 8?
-26333
Convert -1146 (base 11) to base 5.
-22002
Convert -1706 (base 14) to base 11.
-3108
-101001000000 (base 2) to base 15
-b9e
-101000000 (base 2) to base 7
-635
What is 1526 (base 8) in base 12?
5b2
What is 303323 (base 4) in base 6?
23215
What is 22202201 (base 3) in base 13?
2ba8
Convert c2a7 (base 16) to base 13.
198b2
What is -1a (base 14) in base 15?
-19
30265 (base 7) to base 2
1110010110100
What is 2259 (base 12) in base 15?
11e3
Convert -222113 (base 4) to base 13.
-1307
Convert -879 (base 11) to base 2.
-10000011110
6245 (base 7) to base 8
4215
-10114 (base 5) to base 9
-812
Convert 36606 (base 7) to base 6.
112133
Convert 401134 (base 5) to base 16.
317d
Convert -4cc (base 14) to base 9.
-1281
What is 1101011101 (base 3) in base 9?
41141
4f4 (base 16) to base 9
1658
33253 (base 6) to base 16
1221
What is -1952a (base 11) in base 4?
-12221321
-d8 (base 15) to base 5
-1303
Convert a86 (base 11) to base 6.
10012
-42d4 (base 15) to base 14
-5229
What is 3365 (base 7) in base 4?
103013
What is 150411 (base 8) in base 2?
1101000100001001
What is 727 (base 8) in base 16?
1d7
288 (base 15) to base 14
2d4
-816 (base 16) to base 10
-2070
Convert 57c6 (base 16) to base 14.
8290
-100002211 (base 3) to base 9
-10084
What is 1943 (base 13) in base 8?
7275
440214 (base 5) to base 4
3223103
-47317 (base 8) to base 5
-1121200
-146 (base 13) to base 6
-1015
1562 (base 11) to base 8
3724
4210 (base 5) to base 14
2b9
What is 14110 (base 13) in base 11?
2621a
Convert -3bb (base 12) to base 10.
-575
What is 1001111100 (base 2) in base 8?
1174
Convert -1000110010 (base 2) to base 8.
-1062
What is -1769 (base 10) in base 7?
-5105
Convert 122 (base 5) to base 4.
211
6435 (base 8) to base 7
12534
Convert 721 (base 8) to base 13.
29a
Convert -1011101111101010 (base 2) to base 12.
-23a0a
What is -221202 (base 3) in base 8?
-1267
Convert 23320 (base 4) to base 7.
2134
-1001321 (base 5) to base 9
-23645
What is 9163 (base 11) in base 10?
12169
What is 333 (base 5) in base 13?
72
Convert d0a7 (base 14) to base 12.
1888b
Convert -448 (base 16) to base 9.
-1447
What is 1b6c (base 16) in base 12?
4090
Convert 76 (base 14) to base 10.
104
What is -532 (base 16) in base 12?
-92a
Convert -120123 (base 4) to base 10.
-1563
What is 168 (base 15) in base 12?
22b
What is 2052 (base 6) in base 13?
299
13103213 (base 4) to base 11
20537
Convert -1002002 (base 3) to base 6.
-3345
Convert -1677 (base 8) to base 9.
-1275
Convert -11410 (base 6) to base 11.
-1281
-19247 (base 10) to base 3
-222101212
Convert -418 (base 16) to base 3.
-1102211
2110022201 (base 3) to base 12
23b91
Convert -10102210012 (base 3) to base 14.
-1a916
What is 3416 (base 9) in base 4?
213132
What is -33405 (base 8) in base 11?
-a645
112201 (base 6) to base 3
111010201
Convert 314 (base 16) to base 10.
788
What is -39b (base 12) in base 16?
-227
-111100001 (base 2) to base 8
-741
6726 (base 8) to base 7
13220
What is 315 (base 15) in base 7?
2012
93ed (base 15) to base 14
b57b
11454 (base 6) to base 13
a00
300230 (base 5) to base 4
2103200
Convert 123344 (base 6) to base 12.
6554
2025 (base 11) to base 14
da1
Convert -1a4 (base 12) to base 15.
-12d
Convert 14851 (base 9) to base 15.
3031
-220 (base 5) to base 3
-2020
What is -10021 (base 5) in base 10?
-636
-3948 (base 13) to base 6
-101500
What is 1a5 (base 15) in base 12?
278
2100002 (base 3) to base 12
b9b
13a5 (base 11) to base 10
1809
Convert 80b6 (base 13) to base 10.
17725
What is 2202303 (base 4) in base 5?
313134
What is 301 (base 8) in base 13?
11b
Convert -2210212 (base 3) to base 12.
-1228
-862 (base 13) to base 4
-112120
What is -1242 (base 5) in base 7?
-401
What is -217 (base 13) in base 4?
-11212
What is -101001001001 (base 2) in base 14?
-d61
What is -1010020100 (base 3) in base 2?
-101011000011001
Convert -371 (base 11) to base 12.
-309
Convert -1112102020 (base 3) to base 6.
-351440
-19048 (base 10) to base 3
-222010111
What is ca24 (base 15) in base 13?
16621
Convert -a3e3 (base 15) to base 5.
-2102023
Convert 5851 (base 10) to base 15.
1b01
Convert -14823 (base 9) to base 8.
-23642
What is -48 (base 13) in base 14?
-44
527 (base 12) to base 16
2ef
What is 9521 (base 11) in base 14?
4847
Convert -100100100 (base 2) to base 15.
-147
What is 1200143 (base 5) in base 12?
1082b
What is 1ba62 (base 13) in base 5?
3220443
-386 (base 12) to base 3
-201210
Convert 1102414 (base 5) to base 14.
6d6d
Convert 20201121 (base 3) to base 6.
34411
22640 (base 9) to base 2
11101011111110
Convert -58 (base 11) to base 2.
-111111
What is -66636 (base 7) in base 10?
-16785
2506 (base 12) to base 11
3162
What is 4442 (base 6) in base 7?
3005
Convert 5121 (base 6) to base 12.
7a1
-5a26 (base 11) to base 15
-2513
What is -1db (base 15) in base 16?
-1af
Convert 110010 (base 4) to base 6.
5540
What is 3127 (base 11) in base 14?
171d
-593 (base 14) to base 8
-2125
What is -3271 (base 11) in base 4?
-1003121
Convert -401 (base 6) to base 16.
-91
What is 3262 (base 11) in base 4?
1003033
202221022 (base 3) to base 13
6c41
Convert -206 (base 13) to base 15.
-17e
What is 62066 (base 10) in base 9?
104122
58 (base 12) to base 16
44
What is 1201203 (base 4) in base 10?
6243
What is 221 (base 13) in base 8?
555
-16e (base 16) to base 4
-11232
Convert -211012 (base 4) to base 8.
-4506
What is 7545 (base 11) in base 14?
38c3
Convert 2566 (base 7) to base 10.
979
What is 1403 (base 9) in base 3?
1110010
What is -2440 (base 5) in base 8?
-562
Convert 22201121 (base 3) to base 10.
6361
What is -627 (base 11) in base 6?
-3255
Convert -105503 (base 6) to base 10.
-9039
Convert -10101000 (base 2) to base 16.
-a8
What is -14 (base 13) in base 9?
-18
What is 230 (base 11) in base 12?
1ab
What is -21c4 (base 15) in base 12?
-4187
100111 (base 3) to base 7
514
Convert 51b0 (base 12) to base 9.
13206
Convert -88a (base 15) to base 11.
-14a5
23d6 (base 14) to base 12
3760
-1412041 (base 5) to base 3
-1110210212
Convert -24 (base 5) to base 8.
-16
What is 619 (base 12) in base 8?
1565
3047 (base 8) to base 13
942
Convert -490 (base 12) to base 15.
-309
What is -10466 (base 8) in base 12?
-2672
-20103202 (base 4) to base 7
-201115
Convert -388 (base 9) to base 8.
-503
-644 (base 9) to base 8
-1016
What is -356 (base 7) in base 12?
-138
Convert 65ce (base 16) to base 5.
1313222
563 (base 12) to base 6
3403
-315 (base 9) to base 14
-145
Convert -5035 (base 7) to base 12.
-1011
a74 (base 13) to base 10
1785
What is 23322 (base 5) in base 16?
6b0
What is 1213045 (base 6) in base 13?
232a0
What is -c8d (base 14) in base 11?
-1952
Convert 20934 (base 10) to base 16.
51c6
-31202 (base 4) to base 6
-4002
What is 7562 (base 9) in base 5?
134224
What is -484 (base 11) in base 4?
-21000
What is -571 (base 8) in base 11?
-313
Convert 21030 (base 6) to base 4.
230022
What is -120111 (base 3) in base 4?
-12202
10064 (base 9) to base 5
202434
Convert -2206 (base 10) to base 9.
-3021
What is 6bb (base 15) in base 7?
4310
Convert 111010110100010 (base 2) to base 14.
ad90
What is 3789 (base 12) in base 14?
241b
Convert 64 (base 16) to base 9.
121
What is 110001111010101 (base 2) in base 3?
1022001120
30 (base 6) to base 13
15
-185 (base 12) to base 13
-15b
Convert 33536 (base 7) to base 11.
6431
136257 (base 8) to base 14
13863
What is 10000100000000 (base 2) in base 15?
2783
-335130 (base 7) to base 3
-10000111100
-5203 (base 6)